8
What is 13281 (base 11) in base 16?
4a15
Convert -9a93 (base 11) to base 14.
-4bb5
1cc3 (base 13) to base 11
3326
Convert -248 (base 11) to base 5.
-2134
350a (base 11) to base 15
1573
514 (base 9) to base 8
642
Convert -1c7 (base 16) to base 15.
-205
-204115 (base 6) to base 10
-16463
Convert 1a974 (base 11) to base 7.
150621
1044442 (base 5) to base 2
100100100111011
-28a (base 15) to base 4
-21010
Convert 17403 (base 9) to base 6.
131303
Convert 1012220002 (base 3) to base 7.
126623
What is 2805 (base 11) in base 2?
111000110011
Convert 1aa (base 11) to base 9.
287
-330242 (base 5) to base 11
-8563
Convert 5198 (base 10) to base 15.
1818
30861 (base 9) to base 2
100111110100010
Convert 649 (base 12) to base 15.
416
What is -5343 (base 10) in base 6?
-40423
160 (base 7) to base 4
1123
What is 711 (base 12) in base 14?
52d
What is -958 (base 11) in base 12?
-800
Convert -11101000101 (base 2) to base 4.
-131011
Convert -1110 (base 4) to base 16.
-54
340305 (base 6) to base 2
110111111010001
36 (base 15) to base 12
43
Convert -e8 (base 16) to base 15.
-107
What is -c80 (base 13) in base 14?
-ac4
Convert -c7e (base 15) to base 11.
-2133
13b33 (base 13) to base 12
19539
What is -1235 (base 9) in base 13?
-560
What is -21701 (base 8) in base 5?
-243103
Convert -57 (base 12) to base 2.
-1000011
-2e4a (base 15) to base 6
-114054
What is -131112 (base 5) in base 14?
-1c45
Convert -909d (base 14) to base 9.
-37054
Convert -115c (base 16) to base 13.
-203b
Convert 73 (base 14) to base 10.
101
Convert 10002 (base 13) to base 16.
6f93
Convert 1413 (base 5) to base 3.
22122
Convert -22515 (base 7) to base 14.
-2145
What is -586 (base 14) in base 5?
-13343
-7a (base 15) to base 4
-1303
Convert -312250 (base 6) to base 4.
-12021012
-12121220 (base 3) to base 8
-10005
What is -1558 (base 9) in base 3?
-1121222
-11859 (base 14) to base 13
-1663b
Convert -503 (base 7) to base 15.
-118
Convert 4363 (base 11) to base 3.
21220012
145030 (base 6) to base 13
6525
10104 (base 5) to base 8
1216
-2c11 (base 13) to base 5
-201221
11021112 (base 3) to base 6
22235
Convert 2047 (base 8) to base 13.
63a
What is -364 (base 7) in base 6?
-521
What is -1336 (base 8) in base 7?
-2066
-1d31 (base 14) to base 15
-18aa
What is -302 (base 5) in base 11?
-70
Convert -6001 (base 9) to base 14.
-1847
What is -313126 (base 7) in base 6?
-1053344
What is 1021102112 (base 3) in base 9?
37375
Convert -41462 (base 7) to base 2.
-10011111001011
-3b6c (base 16) to base 7
-62231
Convert -d3 (base 16) to base 8.
-323
What is 4272 (base 8) in base 7?
6341
-20310 (base 4) to base 12
-3b0
What is 108 (base 9) in base 11?
81
What is 922 (base 13) in base 14?
7c9
15372 (base 8) to base 14
2734
What is -42435 (base 7) in base 14?
-3b8c
-10244 (base 5) to base 16
-2bb
1835c (base 13) to base 14
13053
Convert -5250 (base 6) to base 5.
-14212
What is 1066 (base 7) in base 5?
3031
55838 (base 9) to base 4
21010031
What is -55140 (base 7) in base 16?
-35e5
What is -362 (base 12) in base 14?
-282
Convert 110111010010000 (base 2) to base 5.
1401204
-34346 (base 7) to base 8
-21064
Convert 5620 (base 8) to base 14.
1116
What is 34444 (base 5) in base 12?
1543
Convert -23177 (base 8) to base 16.
-267f
542 (base 14) to base 8
2016
Convert -432 (base 15) to base 2.
-1110110011
Convert 17a8 (base 11) to base 5.
33141
What is 10532 (base 6) in base 4?
113120
Convert 5022 (base 14) to base 15.
411a
-11111131 (base 4) to base 10
-21853
What is -15677 (base 8) in base 15?
-2188
Convert -178a (base 11) to base 6.
-14312
What is 39746 (base 10) in base 9?
60462
Convert -422 (base 13) to base 11.
-590
What is d152 (base 15) in base 14?
12157
What is -17b (base 12) in base 7?
-461
100000000010 (base 2) to base 11
15a4
What is 110001001010 (base 2) in base 16?
c4a
1a1 (base 11) to base 4
3220
Convert 3a3 (base 16) to base 15.
421
What is 2135 (base 7) in base 4?
23321
-1c6 (base 14) to base 7
-1036
-4817 (base 11) to base 6
-45114
Convert 2020212 (base 3) to base 6.
11335
2107 (base 10) to base 8
4073
Convert -724 (base 8) to base 9.
-570
What is -26105 (base 7) in base 9?
-10432
Convert 53513 (base 9) to base 14.
cc93
Convert 36036 (base 7) to base 13.
42c6
What is 7362 (base 13) in base 10?
15966
1c5 (base 15) to base 10
410
111101000101111 (base 2) to base 6
400451
Convert -1325 (base 6) to base 14.
-1a5
What is -254 (base 10) in base 12?
-192
Convert 1341 (base 12) to base 9.
3024
Convert 2452 (base 6) to base 12.
428
2124 (base 7) to base 9
1026
What is e55 (base 16) in base 6?
24553
What is 2834 (base 14) in base 10?
7102
What is 4772 (base 8) in base 3?
10111121
-1359 (base 10) to base 6
-10143
10100 (base 3) to base 6
230
-54101 (base 7) to base 15
-3ea2
What is 5b35 (base 14) in base 7?
64265
492 (base 10) to base 15
22c
What is 12202 (base 3) in base 6?
415
Convert -29a8 (base 11) to base 12.
-22a5
Convert -193b1 (base 12) to base 11.
-25763
What is -133 (base 4) in base 3?
-1011
812 (base 13) to base 8
2527
Convert 3a94 (base 11) to base 8.
12272
Convert -1163 (base 8) to base 7.
-1554
What is 13c (base 16) in base 3?
102201
8139 (base 11) to base 2
10101000111011
6377 (base 8) to base 3
11120020
What is 587 (base 10) in base 13?
362
-101414 (base 8) to base 14
-c324
Convert -1010011000 (base 2) to base 6.
-3024
-67165 (base 8) to base 13
-cb42
What is 5082 (base 15) in base 3?
212022112
What is -285 (base 10) in base 6?
-1153
Convert -4543 (base 6) to base 3.
-1110200
-560 (base 12) to base 14
-408
Convert -15374 (base 8) to base 6.
-51552
What is 1028 (base 10) in base 11?
855
What is -11120 (base 6) in base 16?
-618
3b0 (base 13) to base 4
22022
Convert -104042 (base 6) to base 2.
-10000111011010
Convert -6aa4 (base 11) to base 12.
-547a
Convert -32179 (base 10) to base 8.
-76663
What is -4833 (base 12) in base 8?
-17647
Convert -10111001111 (base 2) to base 13.
-8a5
248 (base 15) to base 12
372
Convert -27252 (base 8) to base 11.
-8a80
Convert 220105 (base 6) to base 12.
a635
1012 (base 9) to base 12
518
What is -55654 (base 8) in base 5?
-1222333
Convert -41563 (base 7) to base 12.
-5b11
3045 (base 8) to base 12
ab1
Convert -111111 (base 3) to base 6.
-1404
-3300 (base 4) to base 16
-f0
-3304003 (base 5) to base 7
-324314
What is -20 (base 13) in base 8?
-32
What is -7946 (base 13) in base 2?
-100001000111110
-110011010 (base 2) to base 11
-343
Convert 120234 (base 7) to base 3.
1002210220
Convert 12315 (base 6) to base 16.
737
18526 (base 9) to base 12
7506
Convert -100100101011 (base 2) to base 8.
-4453
Convert -1253 (base 6) to base 10.
-321
Convert 6b6b (base 15) to base 12.
11262
What is -1258b (base 14) in base 6?
-544211
-2021301 (base 5) to base 7
-164224
-10020102 (base 4) to base 5
-1020124
-106 (base 14) to base 4
-3022
-3178 (base 10) to base 7
-12160
What is -10303 (base 4) in base 15?
-157
Convert -200141 (base 8) to base 12.
-31b95
Convert -c88 (base 13) to base 3.
-2221021
What is 11110000001 (base 2) in base 5?
30141
What is 149 (base 11) in base 4?
2232
Convert -132402 (base 5) to base 11.
-4026
Convert 11001000111 (base 2) to base 4.
121013
5144 (base 9) to base 13
1939
-3 (base 7) to base 8
-3
Convert 21322 (base 5) to base 11.
110a
Convert 1703 (base 10) to base 13.
a10
What is -183a (base 13) in base 9?
-4837
1111011010 (base 2) to base 13
5ab
What is 1101001 (base 2) in base 5?
410
-304335 (base 7) to base 2
-1100101011111110
What is 11100100111110 (base 2) in base 15?
451e
Convert -112203 (base 4) to base 9.
-1873
258 (base 15) to base 6
2245
What is -620 (base 8) in base 9?
-484
24b94 (base 13) to base 14
1aa54
-48414 (base 10) to base 13
-19062
1554 (base 7) to base 10
627
-14a9 (base 13) to base 8
-5704
Convert -7372 (base 8) to base 2.
-111011111010
10c (base 15) to base 14
12d
What is -1501 (base 6) in base 15?
-1b7
What is 1121020 (base 3) in base 15?
52c
What is -220 (base 6) in base 8?
-124
What is 1442431 (base 5) in base 16?
790f
Convert 233230 (base 5) to base 4.
2011311
What is -1a78 (base 15) in base 9?
-7775
Convert -1635 (base 14) to base 15.
-1297
Convert -1eb (base 16) to base 14.
-271
What is -1149 (base 10) in base 14?
-5c1
-200202210 (base 3) to base 6
-143203
38b (base 12) to base 4
20123
-21110 (base 4) to base 10
-596
28105 (base 9) to base 7
106340